{"id":151,"date":"2025-12-03T23:42:32","date_gmt":"2025-12-03T22:42:32","guid":{"rendered":"https:\/\/www.chatmage.com\/?page_id=151"},"modified":"2025-12-16T18:16:26","modified_gmt":"2025-12-16T17:16:26","slug":"les-chats-de-chatmage","status":"publish","type":"page","link":"https:\/\/www.chatmage.com\/index.php\/les-chats-de-chatmage\/","title":{"rendered":"Les chats de ChatMage"},"content":{"rendered":"\n<p>Il \u00e9tait une fois &#8230; un petit chat. En effet, l&rsquo;histoire de la marque commence avec ChatMage, un chat au style minimaliste qui a eu envie de voyager sur diff\u00e9rents objets (cartes postales, marque-pages, affiches, tote-bags, mugs, miroirs, marque-places, papiers \u00e0 lettres, autocollants &#8230;). Au fil du temps, il a invit\u00e9 sa famille et ses amis \u00e0 le rejoindre. Des citations \u00e9crites pour ChatMage et m\u00eame un po\u00e8me ont pu \u00eatre imprim\u00e9s sur divers supports (vous pourrez retrouver ce po\u00e8me dans le recueil \u00ab\u00a0Quelques notes d&rsquo;alphabet). <\/p>\n\n\n\n<p>Les articles \u00e9taient vendus en ligne (sur la boutique de ChatMage ou sur des boutiques ChatMage ouvertes sur des plateformes de vente comme par exemple, Etsy ou encore Amazon Handmade pour n&rsquo;en citer que deux). <\/p>\n\n\n\n<p>Aujourd&rsquo;hui, ChatMage s&rsquo;aventure dans le monde litt\u00e9raire en illustrant la couverture des livres des \u00e9ditions ChatMage. <\/p>\n\n\n\n<p>Pour vous les pr\u00e9senter un peu plus, voici quelques images de ChatMage et d&rsquo;une partie de sa famille. <\/p>\n\n\n\n<div class=\"wp-block-group is-nowrap is-layout-flex wp-container-core-group-is-layout-ad2f72ca wp-block-group-is-layout-flex\">\n<figure class=\"wp-block-image size-full\"><img loading=\"lazy\" decoding=\"async\" width=\"840\" height=\"591\" src=\"http:\/\/www.chatmage.com\/wp-content\/uploads\/2025\/12\/Carte-postale-chat-ChatMage-1.jpeg\" alt=\"\" class=\"wp-image-153\" srcset=\"https:\/\/www.chatmage.com\/wp-content\/uploads\/2025\/12\/Carte-postale-chat-ChatMage-1.jpeg 840w, https:\/\/www.chatmage.com\/wp-content\/uploads\/2025\/12\/Carte-postale-chat-ChatMage-1-300x211.jpeg 300w, https:\/\/www.chatmage.com\/wp-content\/uploads\/2025\/12\/Carte-postale-chat-ChatMage-1-768x540.jpeg 768w\" sizes=\"auto, (max-width: 840px) 100vw, 840px\" \/><figcaption class=\"wp-element-caption\"><span class=\"has-superb-addons-text-align-justify\">ChatMage<\/span> en noir et blanc<\/figcaption><\/figure>\n\n\n\n<div class=\"wp-block-group is-nowrap is-layout-flex wp-container-core-group-is-layout-ad2f72ca wp-block-group-is-layout-flex\">\n<figure class=\"wp-block-image size-full\"><img loading=\"lazy\" decoding=\"async\" width=\"846\" height=\"595\" src=\"http:\/\/www.chatmage.com\/wp-content\/uploads\/2025\/12\/Carte-postale-chat-C-ChatMage.jpeg\" alt=\"\" class=\"wp-image-154\" srcset=\"https:\/\/www.chatmage.com\/wp-content\/uploads\/2025\/12\/Carte-postale-chat-C-ChatMage.jpeg 846w, https:\/\/www.chatmage.com\/wp-content\/uploads\/2025\/12\/Carte-postale-chat-C-ChatMage-300x211.jpeg 300w, https:\/\/www.chatmage.com\/wp-content\/uploads\/2025\/12\/Carte-postale-chat-C-ChatMage-768x540.jpeg 768w\" sizes=\"auto, (max-width: 846px) 100vw, 846px\" \/><figcaption class=\"wp-element-caption\">ChatMage en couleurs<\/figcaption><\/figure>\n<\/div>\n<\/div>\n\n\n\n<div class=\"wp-block-columns is-layout-flex wp-container-core-columns-is-layout-9d6595d7 wp-block-columns-is-layout-flex\">\n<div class=\"wp-block-column is-layout-flow wp-block-column-is-layout-flow\" style=\"flex-basis:100%\">\n<div class=\"wp-block-group is-layout-grid wp-container-core-group-is-layout-9649a0d9 wp-block-group-is-layout-grid\">\n<figure class=\"wp-block-image size-full\"><img loading=\"lazy\" decoding=\"async\" width=\"590\" height=\"840\" src=\"http:\/\/www.chatmage.com\/wp-content\/uploads\/2025\/12\/Carte-postale-carte-postale-chat-ChatMage-NB-Madame-ChatMage.jpeg\" alt=\"\" class=\"wp-image-155\" srcset=\"https:\/\/www.chatmage.com\/wp-content\/uploads\/2025\/12\/Carte-postale-carte-postale-chat-ChatMage-NB-Madame-ChatMage.jpeg 590w, https:\/\/www.chatmage.com\/wp-content\/uploads\/2025\/12\/Carte-postale-carte-postale-chat-ChatMage-NB-Madame-ChatMage-211x300.jpeg 211w, https:\/\/www.chatmage.com\/wp-content\/uploads\/2025\/12\/Carte-postale-carte-postale-chat-ChatMage-NB-Madame-ChatMage-300x427.jpeg 300w\" sizes=\"auto, (max-width: 590px) 100vw, 590px\" \/><figcaption class=\"wp-element-caption\">Madame ChatMage en noir et blanc<\/figcaption><\/figure>\n\n\n\n<figure class=\"wp-block-image size-full\"><img loading=\"lazy\" decoding=\"async\" width=\"592\" height=\"846\" src=\"http:\/\/www.chatmage.com\/wp-content\/uploads\/2025\/12\/Carte-postale-chat-ChatMage-NB-Monsieur-ChatMage.jpeg\" alt=\"\" class=\"wp-image-156\" srcset=\"https:\/\/www.chatmage.com\/wp-content\/uploads\/2025\/12\/Carte-postale-chat-ChatMage-NB-Monsieur-ChatMage.jpeg 592w, https:\/\/www.chatmage.com\/wp-content\/uploads\/2025\/12\/Carte-postale-chat-ChatMage-NB-Monsieur-ChatMage-210x300.jpeg 210w, https:\/\/www.chatmage.com\/wp-content\/uploads\/2025\/12\/Carte-postale-chat-ChatMage-NB-Monsieur-ChatMage-300x429.jpeg 300w\" sizes=\"auto, (max-width: 592px) 100vw, 592px\" \/><figcaption class=\"wp-element-caption\">Monsieur ChatMage en noir et blanc<\/figcaption><\/figure>\n\n\n\n<figure class=\"wp-block-image size-full\"><img loading=\"lazy\" decoding=\"async\" width=\"589\" height=\"839\" src=\"http:\/\/www.chatmage.com\/wp-content\/uploads\/2025\/12\/Carte-postale-carte-postale-chaton-bebe-fille-ChatMage.jpeg\" alt=\"\" class=\"wp-image-158\" srcset=\"https:\/\/www.chatmage.com\/wp-content\/uploads\/2025\/12\/Carte-postale-carte-postale-chaton-bebe-fille-ChatMage.jpeg 589w, https:\/\/www.chatmage.com\/wp-content\/uploads\/2025\/12\/Carte-postale-carte-postale-chaton-bebe-fille-ChatMage-211x300.jpeg 211w, https:\/\/www.chatmage.com\/wp-content\/uploads\/2025\/12\/Carte-postale-carte-postale-chaton-bebe-fille-ChatMage-300x427.jpeg 300w\" sizes=\"auto, (max-width: 589px) 100vw, 589px\" \/><figcaption class=\"wp-element-caption\">B\u00e9b\u00e9 ChatMage Fille<\/figcaption><\/figure>\n\n\n\n<figure class=\"wp-block-image size-full\"><img loading=\"lazy\" decoding=\"async\" width=\"591\" height=\"836\" src=\"http:\/\/www.chatmage.com\/wp-content\/uploads\/2025\/12\/Carte-postale-carte-postale-chaton-bebe-garcon-ChatMage.jpeg\" alt=\"\" class=\"wp-image-159\" srcset=\"https:\/\/www.chatmage.com\/wp-content\/uploads\/2025\/12\/Carte-postale-carte-postale-chaton-bebe-garcon-ChatMage.jpeg 591w, https:\/\/www.chatmage.com\/wp-content\/uploads\/2025\/12\/Carte-postale-carte-postale-chaton-bebe-garcon-ChatMage-212x300.jpeg 212w, https:\/\/www.chatmage.com\/wp-content\/uploads\/2025\/12\/Carte-postale-carte-postale-chaton-bebe-garcon-ChatMage-300x424.jpeg 300w\" sizes=\"auto, (max-width: 591px) 100vw, 591px\" \/><figcaption class=\"wp-element-caption\">B\u00e9b\u00e9 ChatMage Gar\u00e7on<\/figcaption><\/figure>\n<\/div>\n<\/div>\n<\/div>\n\n\n\n<div class=\"wp-block-group is-nowrap is-layout-flex wp-container-core-group-is-layout-ad2f72ca wp-block-group-is-layout-flex\">\n<figure class=\"wp-block-image size-full\"><img loading=\"lazy\" decoding=\"async\" width=\"592\" height=\"839\" src=\"http:\/\/www.chatmage.com\/wp-content\/uploads\/2025\/12\/Carte-postale-chat-Mademoiselle-ChatMage-NB-ChatMage.jpeg\" alt=\"\" class=\"wp-image-157\" srcset=\"https:\/\/www.chatmage.com\/wp-content\/uploads\/2025\/12\/Carte-postale-chat-Mademoiselle-ChatMage-NB-ChatMage.jpeg 592w, https:\/\/www.chatmage.com\/wp-content\/uploads\/2025\/12\/Carte-postale-chat-Mademoiselle-ChatMage-NB-ChatMage-212x300.jpeg 212w, https:\/\/www.chatmage.com\/wp-content\/uploads\/2025\/12\/Carte-postale-chat-Mademoiselle-ChatMage-NB-ChatMage-300x425.jpeg 300w\" sizes=\"auto, (max-width: 592px) 100vw, 592px\" \/><figcaption class=\"wp-element-caption\">Mademoiselle ChatMage en noir et blanc<\/figcaption><\/figure>\n\n\n\n<figure class=\"wp-block-image size-full\"><img loading=\"lazy\" decoding=\"async\" width=\"851\" height=\"600\" src=\"http:\/\/www.chatmage.com\/wp-content\/uploads\/2025\/12\/Carte-postale-chat-pirate-ChatMage.jpeg\" alt=\"\" class=\"wp-image-160\" srcset=\"https:\/\/www.chatmage.com\/wp-content\/uploads\/2025\/12\/Carte-postale-chat-pirate-ChatMage.jpeg 851w, https:\/\/www.chatmage.com\/wp-content\/uploads\/2025\/12\/Carte-postale-chat-pirate-ChatMage-300x212.jpeg 300w, https:\/\/www.chatmage.com\/wp-content\/uploads\/2025\/12\/Carte-postale-chat-pirate-ChatMage-768x541.jpeg 768w\" sizes=\"auto, (max-width: 851px) 100vw, 851px\" \/><figcaption class=\"wp-element-caption\">Le pirate ChatMage<\/figcaption><\/figure>\n<\/div>\n\n\n\n<div class=\"wp-block-group is-nowrap is-layout-flex wp-container-core-group-is-layout-ad2f72ca wp-block-group-is-layout-flex\">\n<figure class=\"wp-block-image size-full\"><img loading=\"lazy\" decoding=\"async\" width=\"590\" height=\"841\" src=\"http:\/\/www.chatmage.com\/wp-content\/uploads\/2025\/12\/Carte-postale-chat-cat-postcard-cute-postcard-carte-postale-postcard-ChatMage-lady-cat-postcard-kawaii-postcard.jpeg\" alt=\"\" class=\"wp-image-162\" srcset=\"https:\/\/www.chatmage.com\/wp-content\/uploads\/2025\/12\/Carte-postale-chat-cat-postcard-cute-postcard-carte-postale-postcard-ChatMage-lady-cat-postcard-kawaii-postcard.jpeg 590w, https:\/\/www.chatmage.com\/wp-content\/uploads\/2025\/12\/Carte-postale-chat-cat-postcard-cute-postcard-carte-postale-postcard-ChatMage-lady-cat-postcard-kawaii-postcard-210x300.jpeg 210w, https:\/\/www.chatmage.com\/wp-content\/uploads\/2025\/12\/Carte-postale-chat-cat-postcard-cute-postcard-carte-postale-postcard-ChatMage-lady-cat-postcard-kawaii-postcard-300x428.jpeg 300w\" sizes=\"auto, (max-width: 590px) 100vw, 590px\" \/><figcaption class=\"wp-element-caption\">Mademoiselle ChatMage en couleurs<\/figcaption><\/figure>\n\n\n\n<figure class=\"wp-block-image size-large\"><img loading=\"lazy\" decoding=\"async\" width=\"724\" height=\"1024\" src=\"http:\/\/www.chatmage.com\/wp-content\/uploads\/2025\/12\/Affiche-poster-ChatMage-couleurs-affiche-chat-fiche-produit-724x1024.jpeg\" alt=\"\" class=\"wp-image-161\" srcset=\"https:\/\/www.chatmage.com\/wp-content\/uploads\/2025\/12\/Affiche-poster-ChatMage-couleurs-affiche-chat-fiche-produit-724x1024.jpeg 724w, https:\/\/www.chatmage.com\/wp-content\/uploads\/2025\/12\/Affiche-poster-ChatMage-couleurs-affiche-chat-fiche-produit-212x300.jpeg 212w, https:\/\/www.chatmage.com\/wp-content\/uploads\/2025\/12\/Affiche-poster-ChatMage-couleurs-affiche-chat-fiche-produit-768x1086.jpeg 768w, https:\/\/www.chatmage.com\/wp-content\/uploads\/2025\/12\/Affiche-poster-ChatMage-couleurs-affiche-chat-fiche-produit-1086x1536.jpeg 1086w, https:\/\/www.chatmage.com\/wp-content\/uploads\/2025\/12\/Affiche-poster-ChatMage-couleurs-affiche-chat-fiche-produit-1448x2048.jpeg 1448w, https:\/\/www.chatmage.com\/wp-content\/uploads\/2025\/12\/Affiche-poster-ChatMage-couleurs-affiche-chat-fiche-produit-300x424.jpeg 300w, https:\/\/www.chatmage.com\/wp-content\/uploads\/2025\/12\/Affiche-poster-ChatMage-couleurs-affiche-chat-fiche-produit-850x1202.jpeg 850w, https:\/\/www.chatmage.com\/wp-content\/uploads\/2025\/12\/Affiche-poster-ChatMage-couleurs-affiche-chat-fiche-produit-scaled.jpeg 1810w\" sizes=\"auto, (max-width: 724px) 100vw, 724px\" \/><figcaption class=\"wp-element-caption\">Madame ChatMage en couleurs<\/figcaption><\/figure>\n<\/div>\n\n\n\n<div class=\"wp-block-group is-nowrap is-layout-flex wp-container-core-group-is-layout-ad2f72ca wp-block-group-is-layout-flex\">\n<figure class=\"wp-block-image size-large\"><img loading=\"lazy\" decoding=\"async\" width=\"1024\" height=\"752\" src=\"http:\/\/www.chatmage.com\/wp-content\/uploads\/2025\/12\/Carte-postale-chat-carte-postale-merci-french-postcard-merci-postcard-ChatMage-1024x752.jpg\" alt=\"\" class=\"wp-image-163\" srcset=\"https:\/\/www.chatmage.com\/wp-content\/uploads\/2025\/12\/Carte-postale-chat-carte-postale-merci-french-postcard-merci-postcard-ChatMage-1024x752.jpg 1024w, https:\/\/www.chatmage.com\/wp-content\/uploads\/2025\/12\/Carte-postale-chat-carte-postale-merci-french-postcard-merci-postcard-ChatMage-300x220.jpg 300w, https:\/\/www.chatmage.com\/wp-content\/uploads\/2025\/12\/Carte-postale-chat-carte-postale-merci-french-postcard-merci-postcard-ChatMage-768x564.jpg 768w, https:\/\/www.chatmage.com\/wp-content\/uploads\/2025\/12\/Carte-postale-chat-carte-postale-merci-french-postcard-merci-postcard-ChatMage-1536x1128.jpg 1536w, https:\/\/www.chatmage.com\/wp-content\/uploads\/2025\/12\/Carte-postale-chat-carte-postale-merci-french-postcard-merci-postcard-ChatMage-850x624.jpg 850w, https:\/\/www.chatmage.com\/wp-content\/uploads\/2025\/12\/Carte-postale-chat-carte-postale-merci-french-postcard-merci-postcard-ChatMage.jpg 2000w\" sizes=\"auto, (max-width: 1024px) 100vw, 1024px\" \/><figcaption class=\"wp-element-caption\">ChatMage \u00ab\u00a0Merci\u00a0\u00bb<\/figcaption><\/figure>\n\n\n\n<figure class=\"wp-block-image size-large\"><img loading=\"lazy\" decoding=\"async\" width=\"1024\" height=\"752\" src=\"http:\/\/www.chatmage.com\/wp-content\/uploads\/2025\/12\/Carte-postale-chat-carte-postale-coeur-french-postcard-heart-postcard-ChatMage-1024x752.jpg\" alt=\"\" class=\"wp-image-164\" srcset=\"https:\/\/www.chatmage.com\/wp-content\/uploads\/2025\/12\/Carte-postale-chat-carte-postale-coeur-french-postcard-heart-postcard-ChatMage-1024x752.jpg 1024w, https:\/\/www.chatmage.com\/wp-content\/uploads\/2025\/12\/Carte-postale-chat-carte-postale-coeur-french-postcard-heart-postcard-ChatMage-300x220.jpg 300w, https:\/\/www.chatmage.com\/wp-content\/uploads\/2025\/12\/Carte-postale-chat-carte-postale-coeur-french-postcard-heart-postcard-ChatMage-768x564.jpg 768w, https:\/\/www.chatmage.com\/wp-content\/uploads\/2025\/12\/Carte-postale-chat-carte-postale-coeur-french-postcard-heart-postcard-ChatMage-1536x1128.jpg 1536w, https:\/\/www.chatmage.com\/wp-content\/uploads\/2025\/12\/Carte-postale-chat-carte-postale-coeur-french-postcard-heart-postcard-ChatMage-850x624.jpg 850w, https:\/\/www.chatmage.com\/wp-content\/uploads\/2025\/12\/Carte-postale-chat-carte-postale-coeur-french-postcard-heart-postcard-ChatMage.jpg 2000w\" sizes=\"auto, (max-width: 1024px) 100vw, 1024px\" \/><figcaption class=\"wp-element-caption\">ChatMage \u00ab\u00a0Le c\u0153ur sur la patte\u00a0\u00bb<\/figcaption><\/figure>\n<\/div>\n\n\n\n<p><\/p>\n","protected":false},"excerpt":{"rendered":"<p>Il \u00e9tait une fois &#8230; un petit chat. En effet, l&rsquo;histoire de la marque commence avec ChatMage, un chat au style minimaliste qui a eu envie de voyager sur diff\u00e9rents objets (cartes postales, marque-pages, affiches, tote-bags, mugs, miroirs, marque-places, papiers \u00e0 lettres, autocollants &#8230;). Au fil du temps, il a invit\u00e9 sa famille et ses&#8230;<\/p>\n","protected":false},"author":1,"featured_media":0,"parent":0,"menu_order":0,"comment_status":"closed","ping_status":"closed","template":"","meta":{"footnotes":""},"class_list":["post-151","page","type-page","status-publish","hentry"],"_links":{"self":[{"href":"https:\/\/www.chatmage.com\/index.php\/wp-json\/wp\/v2\/pages\/151","targetHints":{"allow":["GET"]}}],"collection":[{"href":"https:\/\/www.chatmage.com\/index.php\/wp-json\/wp\/v2\/pages"}],"about":[{"href":"https:\/\/www.chatmage.com\/index.php\/wp-json\/wp\/v2\/types\/page"}],"author":[{"embeddable":true,"href":"https:\/\/www.chatmage.com\/index.php\/wp-json\/wp\/v2\/users\/1"}],"replies":[{"embeddable":true,"href":"https:\/\/www.chatmage.com\/index.php\/wp-json\/wp\/v2\/comments?post=151"}],"version-history":[{"count":4,"href":"https:\/\/www.chatmage.com\/index.php\/wp-json\/wp\/v2\/pages\/151\/revisions"}],"predecessor-version":[{"id":177,"href":"https:\/\/www.chatmage.com\/index.php\/wp-json\/wp\/v2\/pages\/151\/revisions\/177"}],"wp:attachment":[{"href":"https:\/\/www.chatmage.com\/index.php\/wp-json\/wp\/v2\/media?parent=151"}],"curies":[{"name":"wp","href":"https:\/\/api.w.org\/{rel}","templated":true}]}}